14*f + 21. Let z be j(-5). Suppose -4*a = 5*o, -2*a = 2*o - 6*o - z. Suppose 5*b = -3*d + 6*d - 1558, 0 = -a*b + 5. Is d composite?
False
Suppose 5*g - 929 = -194. Suppose -4*j - 716 = -4*b, b + j = g + 32. Is b a prime number?
True
Suppose 0*s - 23478 = 6*s. Let u = -1580 - s. Is u a prime number?
True
Suppose -5*s + 32*i + 1740780 = 37*i, 4*s - i = 1392589. Is s composite?
False
Let j = -2 - -1. Let s(w) = -2270*w + 121*w + 10 + 5 - 15. Is s(j) a composite number?
True
Suppose -3*s + 0*s - 2 = 4*k, 4*s = 4*k + 16. Suppose s*h + 10 = 3*j - 0*h, -3*j + 20 = -4*h. Is 0/(-3 - j - -5) - -953 a composite number?
False
Suppose -326*g = -325*g - 1567. Suppose 5*w + 4343 = 5*v - g, -3581 = -3*v - 4*w. Is v composite?
False
Let k = -31671 - -71045. Is k a composite number?
True
Let j = -17 - -21. Suppose -2*d + 27 = -j*q + 3*d, q + 18 = 5*d. Is 2 - 5 - (-168 + 1 - q) a composite number?
True
Let t(u) be the second derivative of 11*u**5/5 - u**4/4 - u**3/2 + 5*u**2/2 + 2*u. Suppose 12*z - 37*z = -75. Is t(z) composite?
True
Let s(f) = 9909*f**2 + 520*f + 1552. Is s(-3) composite?
True
Let l = -39 - -42. Suppose l*b = 2*b - 20. Is (-12830)/b*-3*2/(-3) prime?
True
Let i(w) be the first derivative of -20*w**2 + 31*w - 466. Suppose 4*b + 53 = -3. Is i(b) prime?
False
Let w(m) = m**3 - 40*m**2 + 95*m - 3. Is w(59) prime?
True
Suppose 10*y - 13*y - 132931 = -2*s, -8*y = 2*s - 132854. Is s prime?
False
Suppose 16916 + 536499 = 19*m - 976332. Is m prime?
True
Let p(f) = -37365*f - 2428. Is p(-9) a composite number?
False
Let v(r) = -24532*r - 1377. Is v(-29) a prime number?
True
Let y(h) = 544*h - 2335. Is y(81) a composite number?
False
Let c(l) = -100*l**2 - 29*l - 26. Let m(j) = -33*j**2 - 10*j - 9. Let p(o) = 4*c(o) - 11*m(o). Let s be p(11). Is s/4*(-1*2)/6 a composite number?
False
Suppose -157*h = -53*h + 312. Let r(c) = -c - 13. Let y be r(-9). Is ((-2162)/(-8))/(y*h/48) composite?
True
Let u = 42 + -17. Let x = u + -23. Suppose -24 - 41 = -d + 2*c, 2 = x*c. Is d a prime number?
True
Suppose -1791727 = 10*y - 15*y - 4*p, -5*y = -5*p - 1791790. Is y composite?
True
Is (-1)/(-1)*(20 + -298418)/(-6) a composite number?
True
Let l = -137 - -20. Let t = -172 - l. Is (-53218)/t + (-6)/10 a composite number?
False
Suppose -94*r + 10714882 + 10530139 - 4854523 = 0. Is r a prime number?
True
Let k(h) be the third derivative of 85*h**4/6 + 3*h**3/2 + 2*h**2 - 9. Is k(5) a composite number?
False
Let q = 315721 - 170732. Suppose q = 24*b - 22939. Is b a composite number?
False
Is 13 - 763/14*-1732 a prime number?
False
Suppose -g + 2098071 = 5*r + 471411, 0 = -2*r + 5*g + 650637. Is r prime?
False
Let f(q) = -q**3 - 4*q**2 + 8*q + 19. Let u be f(-5). Suppose x - 2*x + u = 0. Is (4/(2 - x))/(6/(-5289)) a composite number?
True
Suppose 2*t - i = 117044, 58527 = -27*t + 28*t + 2*i. Is t composite?
True
Suppose -3*y - 4*n + 93801 = 0, 62488 = 125*y - 123*y - 5*n. Is y prime?
True
Suppose 0 = 2*o + 2*o + z - 56370, 2*z = -o + 14096. Suppose -6*w = -o - 554. Is w a prime number?
True
Suppose 8*h = 13*h + 20080. Let i = h + 7315. Is i composite?
False
Suppose 8*o - 2119809 = 5*o - 2*h, 0 = 4*o + 5*h - 2826419. Is o a prime number?
False
Let h = -431 + 428. Let t(g) = 184*g**2 - 13*g - 2. Is t(h) a composite number?
False
Let t = 8058 - 1636. Suppose 113353 + t = 25*k. Is k a composite number?
True
Let x = -201 + 1467. Suppose -4*o - 1688 = -4*t, -3*t + 0*o = 5*o - x. Let c = -196 + t. Is c composite?
True
Let r(t) = -t**3 + 9*t**2 - 26*t + 45. Let y be r(6). Is ((-60849)/(-2))/y*184/(-276) a composite number?
False
Suppose m - 1 = -2*p - 0, -7 = -4*m - 5*p. Suppose 4*u - 6*u - 87 = i, -2*u - m*i - 97 = 0. Let d = u + 96. Is d a composite number?
True
Let j be 2*-1021 + -3*(-8)/(-12). Let s be (-1534)/4 - (-2)/4. Let t = s - j. Is t a composite number?
True
Suppose -2*c - 5*w = -0*c + 20, -5*w - 20 = -4*c. Suppose 4*y + 2*v = 27 + 1, -4*y - 5*v + 40 = c. Is ((-7)/(-35))/(1/y) - -462 composite?
False
Let t be -8 - 5/((-5)/21542). Suppose 13*r - t = 64123. Is r composite?
True
Is 7*((-21900)/(-21) - 7) composite?
True
Let w be (45/2)/(-5)*12. Let l = -60 - w. Is (-1 + -1)*2139/l prime?
False
Let r(c) = 4*c - 41. Let m be r(8). Is 51/34*6/m*-4919 a composite number?
False
Suppose -2*p - 2*i + 2058 + 892 = 0, -i - 1 = 0. Let c = p - -4417. Is c a composite number?
True
Let k(m) = -224*m - 1. Let i be k(-3). Suppose 5*g - 19 = -4*j - i, 4*g + 3*j + 522 = 0. Is (-24)/g + (-22581)/(-11) prime?
True
Suppose 0 = 4*a + 14 - 22. Suppose 140 = a*t + 36. Let v = t - 6. Is v prime?
False
Let n = -11575 - -6827. Is (-8)/((-192)/(-42))*n prime?
False
Let u(p) = p**2 + 5*p + 11. Suppose -w = -2*n - 13, -5*n - 2*w - 4 = 6. Let x be u(n). Suppose 7890 = x*s - s. Is s composite?
True
Suppose -5*a = -15, 1878 = -2*h + a + 3*a. Let d = -633 - h. Suppose z + 4*w - 18 - 72 = 0, -w = 4*z - d. Is z composite?
True
Let o(r) = 4*r**3 - 29*r**2 + r - 115. Is o(27) a prime number?
True
Suppose -4*t + 381549 = 3*c - 559619, -3*c + 1176457 = 5*t. Is t a prime number?
True
Let l(t) = t**3 + 114*t**2 + 265*t - 197. Is l(-84) prime?
True
Let c = 500958 + -286013. Is c prime?
False
Suppose 4*i - 95 = -83, -3*v = 5*i - 576702. Is v prime?
True
Let f be -2 + 2 + (-18 - -21). Suppose -4599 = -f*v + 3*y, -3*v = 2*v + 5*y - 7705. Is v composite?
True
Suppose 35 = 314*q - 307*q. Suppose -5*f = -2*f - n - 769, q*f - 3*n = 1279. Is f a prime number?
True
Let v(n) = -n. Let a be v(7). Let f be (-7)/2*(-5 - a). Let b(z) = 27*z**2 - 4*z + 4. Is b(f) a prime number?
False
Is ((-17441725)/1050)/(1/(-6)) prime?
True
Let n = -100 - -1075. Let v = n - -604. Is v composite?
False
Suppose 4*o = 2*z - 6*z + 131352, 0 = -5*z - 2*o + 164193. Is z composite?
False
Let m = -25691 + 28710. Is m a composite number?
False
Suppose -2807196 + 895166 = -51*k + 2304701. Is k a composite number?
True
Suppose -2*h + 16099 = s - 84148, 300748 = 3*s - h. Is s a composite number?
True
Let n = 360 - 1612. Let o = n - -3099. Is o a composite number?
False
Let t = 69 + -62. Suppose 0 = -t*v + 149 + 2805. Is v a composite number?
True
Is (-222)/(-148)*732994/3 prime?
True
Let l(s) = 83*s**3 + 2*s**2 + 3*s + 3. Let v be l(2). Let q = v + -322. Is q a prime number?
True
Suppose y + 5*c - 369917 = 280667, 2*y - 1301203 = -3*c. Is y a prime number?
True
Let n(m) = 20*m**2 + 23*m + 194. Is n(-16) a prime number?
False
Let f be (0/((-8)/4))/((-1)/1). Suppose 3817 = 4*s + c - 2*c, -3*s - 2*c + 2849 = f. Is s prime?
True
Suppose 26*g + 6*g = 236864. Let x = g + 1377. Is x a prime number?
True
Let y = -316 - -207. Let j = y - -3026. Is j composite?
False
Let y = 313 + -186. Suppose -2*a - 618 = -2*v - 204, -5*v - 5*a = -985. Suppose -k = -y - v. Is k composite?
True
Let b(p) be the third derivative of 2*p**5/15 - 7*p**3/6 + 22*p**2. Let m be b(-5). Suppose 2*q - 337 = m. Is q a prime number?
False
Let c(y) = -89*y + 180. Let k be c(2). Let x = 3 - 1. Suppose -592 = k*r + x*n - 1856, 5*r - 3*n = 3184. Is r composite?
True
Suppose -3*a - 15 = -2*q, 13 = 2*q - 2*a - 7. Let t(b) = -17*b - 2 + 38*b + 1 - 15*b. Is t(q) composite?
False
Let q = 2682 + -2265. Is q a prime number?
False
Suppose -q + 2*j = -1200, -2*j - 21 = -13. Let z = 2129 - q. Is z prime?
True
Let g be 70/(-420) - (-50)/12. Suppose -5*l + 14099 = 7*n - 5*n, 2*l + g*n = 5646. Is l composite?
False
Is 19 + -8 + 24 + 934536 prime?
False
Let a be (108/(-135))/(((-6)/5)/3). Suppose -2*d + 10024 = a*b, 21*d + 10044 = 23*d - 2*b. Is d composite?
True
Let s = -574707 + 1372408. Is s a composite number?
False
Suppose -17*p = -21*p - 620. Let d = -137 - p. Is 1 + (1152 + 1 - (-15 + d)) a prime number?
True
Let u(d) = -3*d**2 + 7*d - 2. Let x be u(2). Suppose -5*c + 3*l + 1714 = x, -4*c = -4*l - 816 - 560. Is c a prime number?
False
Is (1 - 42/28)/(1/(-222746)) prime?
True
Let k(q) = 63*q**2 + 11*q + 5. Let b be k(5). Suppose 3*o + 3*r - 4491 = b, 5*r + 4105 = 2*o. Is o a prime number?
False
Let f = 297 - 276. Let b(u) = 4*u**2 - 26*u - 29. Is b(f) a prime number?
False
Let j = -37 - -25. Let b(r) = 14*r**3 + 50*r**2 - 21*r + 116. Let i(q) = 5*q**3 + 17*q**2 - 7*q + 39. Let p(l) = 4*b(l) - 11*i(l). Is p(j) composite?
False
Let x(f) = -f. Let w be x(-2). Suppose -s + 486 = 4*n, -2385 = -w*s - 3*s - 